 = -c**3 - 3*c**2 + 5*c + 7. Let l be r(-3). What is f(l)?
16
Let z(u) = -u + 1. Let y(w) = -w - 1. Let q(r) = -y(r) - 2*z(r). Let a be q(1). Let c(l) = -4*l**a + 4 - 6 + l**2 + 5 - 4*l + l**3. Calculate c(4).
3
Let z(m) = 6*m**2 - 17*m - 57. Let n(g) = g**2 + g - 1. Let y(f) = 7*n(f) - z(f). Give y(-22).
6
Let u(a) be the second derivative of -a**4/2 - a**3/3 + a**2 - 33*a + 3. Calculate u(1).
-6
Let w(i) = -3*i + 14. Let o(u) = -6*u + 27. Let t(z) = -2*o(z) + 5*w(z). Let f(s) = s - 5. Let m(d) = 17*f(d) + 6*t(d). Give m(6).
5
Let m(q) be the first derivative of -q**4/4 + q**3 - q**2 + 6*q + 1. Suppose 5*u - 24 = -4. Give m(u).
-18
Let w(t) = -t**3 - 8*t**2 + 10*t + 9. Let a = 221 + -230. Determine w(a).
0
Let x be ((-7)/3)/((-3)/(-27)). Let n = -18 - x. Let j(s) = 3 + s - n + 3. Calculate j(-3).
0
Let c(g) be the first derivative of g**4/4 - 4*g**3/3 + g**2 - 2*g + 1. Let m be ((-88)/14 + 6)*-7. What is c(m)?
-6
Let c(k) = 7*k**3 + k**2 + k. Let u = -14 - -15. Let b = u - -4. Suppose 0 - b = 5*i. Calculate c(i).
-7
Let a be (12/(-60))/1 - (-132)/10. Let y(h) = -h + 11. What is y(a)?
-2
Let b(x) = x**2 + 5*x - 2. Let m be b(-6). Let c be (-6)/m*8/(-6). Suppose -12 = c*v + 2*v. Let r(a) = -a**3 - 2*a**2 + 3*a - 3. Give r(v).
-3
Suppose 4 = 3*n - n - 4*p, 2*n - 2*p = 6. Suppose 4*c = -0 - n. Let g(q) = 7*q**2 + 2 - 1 - 2. Give g(c).
6
Let q = -9 + 16. Suppose -q = -v - 6. Let j(x) = 6*x**2 - x + 1. What is j(v)?
6
Let l = -7 - -12. Let q be ((-4)/(-8))/((-3)/(-18)). Let a(f) = -1 + f - 2*f - f**q + 10*f**2 - 5*f**2. Give a(l).
-6
Let x(w) be the third derivative of -w**4/24 + w**3/3 - 9*w**2 + w. Suppose 2*a + a - 4*c + 4 = 0, 4*a - 4*c = -4. Give x(a).
2
Let h(g) = g**3 - 5*g**2 + 4*g + 5. Let j be 9/(-12)*(-220)/33. Calculate h(j).
25
Let v(h) = 5*h**2 - 2*h + 5. Let m(c) = -4*c**2 + c - 4. Let k(g) = 7*m(g) + 6*v(g). Give k(3).
5
Let q(i) be the second derivative of i**3/6 + 3*i**2 - 61*i. Calculate q(0).
6
Let o(i) = -2 + 2*i**2 + 0*i**2 + 1. Let s(b) = 2*b**2 - 20*b + 24. Let d be s(10). Suppose w = 2*r + 5 - 16, -4*w = -4*r + d. What is o(w)?
1
Let o(r) = r**3 + 4*r**2 - 3*r + 2. Suppose -5*a + 2*b = -147, 5*a - b = -0*b + 146. Let w = a + -33. Give o(w).
14
Let z(k) = k**3 + 7*k**2 + 5*k - 2. Let x(a) = 3*a**3 + 15*a**2 + 9*a - 3. Let t(w) = -2*x(w) + 5*z(w). Let o(y) = -10*y + 46. Let g be o(4). What is t(g)?
2
Let v(s) = 8*s**2 + 2*s + 4. Let y = 99 - 88. Let d(m) = -3*m**2 - m - 1. Let q = -14 - -18. Let l(h) = q*v(h) + y*d(h). Calculate l(-5).
-5
Suppose -30 = 4*d + d. Let j(g) = g - 14. Let a be j(19). Let w(x) = -a*x**2 - 4 + 2*x**2 + 0*x**2 - 3*x**2 - x**3. Determine w(d).
-4
Let n(g) = -3*g**3 - g - 1. Suppose -2*z + 4*f = -18 + 2, z - 3*f = 8. Suppose -18 = z*k - 6*k. Let o = -10 - k. What is n(o)?
3
Let v(s) = 5*s**2 + 6*s**2 - 2*s - 8*s**2 + 6*s + 3. Calculate v(-3).
18
Let x(v) = -7*v**3 + 4*v**2 - 4*v. Let n be x(1). Let d(q) = -2*q - 4. Give d(n).
10
Let s be (2/(-4) + 35/42)/1. Let l(i) be the second derivative of 3*i**2 + 3*i - s*i**3 + 0. Determine l(6).
-6
Let w = -34 - -38. Let l(g) = 50 - w*g - 2*g - 48. Let m(k) = k**2 + 2*k - 1. Let a be m(-3). Determine l(a).
-10
Suppose -8 = -4*n + 2*n. Let w(z) be the third derivative of z**4/12 + 2*z**3/3 - z**2. Determine w(n).
12
Suppose -5*q + m = -0*q - 226, 177 = 4*q + 3*m. Let s be q/10 + 3/(-2). Let n(c) = -c**2 + 2*c + 4. Give n(s).
1
Let n(f) be the first derivative of -f**4/4 - 5*f**3/3 - 5*f**2/2 - 2*f - 42. Give n(-4).
2
Let b(f) = -2*f**2 + 2*f - 8. Let k(v) = v**2 + v + 7. Let u(d) = 2*b(d) + 3*k(d). Calculate u(7).
5
Let v(b) = b**2. Let g = 145 + -144. Let d(x) be the third derivative of x**5/60 + x**4/24 - x**3/3 - x**2. Let k(u) = g*d(u) - 2*v(u). Determine k(3).
-8
Let b be ((-112)/(-42) - 2)/((-4)/(-2)). Let d(i) be the first derivative of -5/2*i**2 + 2 + 6*i - b*i**3. Calculate d(-7).
-8
Let h = 7 - 2. Let k be -4*((-21)/(-6))/(-7). Let t(b) = k - 1 + b - 7 - 4. What is t(h)?
-5
Let g(x) = x**2 - 4*x + 3. Let w(o) = -6*o**2 + 20*o - 14. Let m(y) = -11*g(y) - 2*w(y). What is m(-4)?
-5
Let w(t) be the first derivative of -t**3/3 - 2*t**2 + t + 829. Determine w(-4).
1
Let g(j) = 16*j - 7. Let b(k) = -k**3 + 10*k**2 - 27*k + 91. Let x be b(8). What is g(x)?
41
Let n(c) = c**3 + 5*c**2 - 7*c - 7. Let a(g) = g**3 + 32*g**2 - 32*g + 28. Let x be a(-33). Determine n(x).
28
Let x(t) = 5*t**2 + 5*t - 11. Let a(p) = 4*p**2 + 3*p - 11. Let j(d) = -4*a(d) + 3*x(d). Determine j(0).
11
Let g(h) = h**3 - 3*h**2 - 7*h - 2. Suppose 0 = 5*w + 3*o - 166, 2*o + 102 = 3*w + 5*o. Let m = -22 + w. Suppose 7*t - 5*t = m. What is g(t)?
13
Let h(q) = -8*q - 68. Let d be h(-9). Let y(i) = 5*i - 6. Give y(d).
14
Let n(j) = -j - 13. Let b(w) = -2*w - 19 + 18 - 25 - w. Let m(s) = -2*b(s) + 5*n(s). Suppose -3*f + 6*f = k - 3, -f - 11 = -2*k. Determine m(k).
-7
Let v(u) be the first derivative of -u**3/3 - 7*u**2/2 - 5*u + 21. What is v(-4)?
7
Let s = -14 + 9. Let q(r) be the second derivative of 1/2*r**2 + 1/20*r**5 - 3*r + 0 + 5/12*r**4 + 0*r**3. Give q(s).
1
Let g(a) be the third derivative of a**9/60480 + a**8/3360 + a**6/90 + a**5/30 + a**4/24 + 55*a**2. Let l(j) be the third derivative of g(j). Calculate l(-6).
8
Let c(u) be the third derivative of -u**5/60 + u**4/3 - 7*u**3/6 - 76*u**2. Give c(5).
8
Let t(k) = k**3 - 6*k**2 - k + 1. Suppose -13*x = -6*x - 49. Suppose x*q - 49 = 3*q - 5*p, -3*p = 2*q - 27. What is t(q)?
-5
Suppose 0*d - 3 = -d - o, -25 = 5*d - 3*o. Let j be (9 + -11)/(2/6). Let h = j - d. Let w(u) = 2*u + 6. Determine w(h).
-2
Let l(f) = 2*f**2 + 9*f. Let m(b) = -b**2 - 7*b - 3. Let p(c) = l(c) + m(c). Let v(r) = -r - 3. Let t be v(-5). What is p(t)?
5
Suppose -7*a = 18*a + 11*a - 36. Let z(o) = -o**3 - 11*o**2 - 5*o - 11. Let u(h) = -4*h**2 - 2*h - 4. Let w(d) = 8*u(d) - 3*z(d). Give w(a).
4
Suppose -4*f = -8*f + 16. Let p(d) be the third derivative of d**6/120 - d**5/12 + d**4/4 - d**3/3 + 4*d**2. Give p(f).
6
Let d(z) = -4*z - 6. Let m be (-2)/5 + (-2718)/(-45). Suppose 3*n - m = -78. What is d(n)?
18
Let k(h) be the third derivative of -h**5/30 + h**4/24 + 22*h**2. Let x(t) = -4*t + 7. Let r be x(2). Calculate k(r).
-3
Let j be (-1)/(-1 - 9/(-12)). Let q(n) = -4 + 2*n + 1 - 2 + j. Determine q(-2).
-5
Let h = -41 + 44. Let u(o) = 4 + 186*o + h - 185*o. Determine u(-3).
4
Let u be (70/210)/(2/(-18)). Let v(w) = -w**3 - w**2 + 2*w - 7. Calculate v(u).
5
Suppose -5*m = -4*a - 91, 5*m + 5*a = 3*m + 10. Let u(f) = f**2 - 13*f - 9. What is u(m)?
21
Let h be ((-90)/20)/((-4)/8). Let k(t) = -t**3 + 9*t**2 - 9. What is k(h)?
-9
Let u be (18/(-12))/((-2)/8). Let o(r) be the first derivative of -r - 1/3*r**3 + 7/2*r**2 + 2. Give o(u).
5
Let g(r) = r + 3. Let b(x) = 8*x + 13. Let l(d) = b(d) - 6*g(d). Give l(4).
3
Let q(d) = 12*d + 6. Let y(v) = v. Let h(g) = -q(g) + 18*y(g). Suppose -2*i + 3*b - 10 + 29 = 0, -5*b = -i + 20. Give h(i).
24
Let b(m) = -m**3 + 8*m**2 - m + 5. Suppose 4390 - 4439 = -7*g. What is b(g)?
47
Let v(g) be the first derivative of -7*g - 1/3*g**3 + 6 + 9/2*g**2. Determine v(6).
11
Let y(h) = -h**3 - 6*h**2 - 5*h - 6. Suppose -r - 2*r = 30. Let w = r - -19. Suppose -4*l - w = 11. Calculate y(l).
-6
Let r(c) be the second derivative of 4/3*c**3 + 0 - 12*c + 0*c**2 + 1/40*c**5 - 1/12*c**4. Let x(f) be the second derivative of r(f). Calculate x(2).
4
Suppose -8*x + 9*x = 43. Suppose -x = 13*o + 35. Let m(r) = 11*r - 2. Let l(v) = -4*v + 1. Let t(s) = 8*l(s) + 3*m(s). Calculate t(o).
-4
Let w(z) be the third derivative of -z**4/24 + 9*z**3/2 + 14*z**2 + 2*z. Calculate w(21).
6
Let z(d) = -d - 7. Let y be z(-14). Let p(g) = -y*g + 2*g**2 + 2*g - 2 + 0*g - g**3 - 9*g**2. Determine p(-6).
-8
Let t(j) = 4*j**2 - j**3 + 9*j - 8*j**2 + 6 + 11*j**2. Determine t(8).
14
Let z(t) be the third derivative of -t**8/20160 + t**7/840 - t**6/360 - t**5/20 + 10*t**2. Let m(g) be the third derivative of z(g). Calculate m(7).
-9
Let y = -772 - -779. Let q(f) = -f**2 + 8*f - 2. Calculate q(y).
5
Let u(k) = -3*k**3 - 2*k**2 - 17*k - 14. Let o be u(-1). Let n(a) = -2*a**3 + 5*a**2 + 8*a + 7. What is n(o)?
-9
Let q(t) = t**3 + 5*t**2 + 3*t - 2. Let a(w) = w**3 - 6*w**2 - 3*w + 14. Suppose -4*c + 27 - 3 = 0. Let m be a(c). Calculate q(m).
2
Let c = -1065 - -1067. Let z(i) = -3*i